) - 13.
-15
9 + 4 + -1 + -12 - (-1 - 7)
8
4 + (-2 - (3 + -10 + -1 + 3))
7
Evaluate -10 + 4 + 6 - (7 + -13).
6
What is the value of 3 + 16 + 7 + -20?
6
Evaluate 0 + 5 + (4 - 16) + 2 + 19.
14
Calculate -12 + (5 - (-2 + -2)) - 0 - 9.
-12
What is the value of -1 + -8 - -15 - -9?
15
What is 843 + -837 + (-2 - -1 - 1 - 2)?
2
What is the value of 15 + 11 + 7 + -9 + -21?
3
What is the value of 5 + 16 + -8 + 13 + -48?
-22
What is the value of 21 - 0 - (156 - 147)?
12
16 + -30 + 30 + -21
-5
Calculate (-83 - -83) + -1 + 5.
4
Evaluate 1 + 13 - ((-3 - (-17 - -5)) + -7).
12
What is the value of 1228 + -1227 - (-27 - 1)?
29
Evaluate 447 + -454 + (-1 + (-3 - -2) - -42).
33
Evaluate 8 + (-4 + 9 - 12).
1
(37 + -46 - -61) + -32
20
Calculate -2 + 42 + 36 + -52.
24
What is the value of 23 + -22 + -1 + (0 - -2)?
2
Calculate -13 + 10 + -13 + 9 + -9 + -1.
-17
What is 2 + 10 + 1 + -9?
4
Calculate -3 + 6 + (-3 - (-6 - -9)) + -5.
-8
What is -12 - ((3 - 25) + 7) - -16?
19
What is 12 + -13 + 6 + 3 + -8?
0
8 + 2 + -23 + 1 - 3
-15
What is -10 - (3 - -10 - 11)?
-12
Evaluate 20 + (20 - 23 - -7).
24
-3 - -14 - (-16 - -12) - (0 + -1)
16
Calculate 0 + 9 + 21 + -13 - 8.
9
Evaluate -4 - ((-9 - -1) + -8 + 8 + 3).
1
Calculate -34 - -48 - (73 + -60).
1
What is the value of (-2 - (2 + 2)) + (-40 - (119 - 160))?
-5
What is the value of (-4 - -8) + -21 + 19?
2
(7 - (13 - 0)) + (-4 - (-1 + 2))
-11
(48 - 43) + 3 + -15 + (23 - -1)
17
What is (13 - 4) + -8 + (-4 - -10)?
7
What is -4 + (-4 - (-4 + (14 - (3 - 1))))?
-16
What is 4 + (-16 - (-25 + 9 + 7 + 11))?
-14
Evaluate 17 - (11 + -18 - -18).
6
What is the value of -5 + 13 + (-62 - -58) + -5 + 0?
-1
Evaluate (-1 - -7 - 2) + -7 + (-6 - -16).
7
Evaluate (-20 - (9 + -26) - (-2 + -9)) + -20.
-12
What is the value of (-1 + (-10 - -9) - 6) + 1?
-7
Evaluate 37 + -33 + 2 + (5 - 13) + 4.
2
What is (0 - 11) + (5 - (-4 + 13))?
-15
Calculate -9 + 2 + (-3 - -6) - 6.
-10
Evaluate 21 + (19 + -34 - 4).
2
Evaluate -18 + 6 - (9 + -34).
13
Evaluate -9 - -10 - (11 + -1) - -23.
14
35 + -19 - 39 - 4
-27
Evaluate -3 + (-7 - (-7 + 3)) + 0.
-6
What is (-9 - (-3 + 10)) + 17?
1
What is the value of -5 - (6 - (14 + -12 + -12))?
-21
Calculate -17 + 20 + (-9 - -2) + -6.
-10
25 - (0 + 5 + -7 - (0 - 9))
18
What is (0 - 32) + (13 - -35)?
16
What is (-1 - 3 - (2 - 0)) + -9 + 7?
-8
9 - (-31 + -21 + 49)
12
What is the value of (-37 - -64) + -8 + -7?
12
Calculate 3 - (13 + (-3 - -9) + -5).
-11
What is the value of -16 - (-4 - (33 + -6 + 11))?
26
Calculate 15 + (21 - 0 - 31).
5
-41 - 1 - (-60 + 3 + 44)
-29
Evaluate -14 + 8 + 4 - -14.
12
What is (-144 - -141) + -2 + 11?
6
Evaluate (-23 + 13 - -2) + 7.
-1
What is -1 + (-13 + 7 - -1) - 5?
-11
Evaluate -26 + 15 + (-19 - -43).
13
What is -8 + (6 + 7 - 7 - 7)?
-9
What is the value of 6 - -7 - (7 + 0) - -2 - -5?
13
Evaluate (17 - 3) + -5 + (0 - -2).
11
What is the value of -2 + -4 + (-186 - -180)?
-12
Evaluate 8 + (7 + -4 - 20) + 16.
7
Evaluate (12 - 47) + 41 - 15.
-9
Evaluate 18 - ((-4 - (-5 - -3)) + -5 + 9).
16
What is (32 + -17 - (8 - 2)) + -26?
-17
(1 - 5) + -8 + 16 - (-2 + 6)
0
What is -2 + (3 - -8) - 3 - -12?
18
3 - 6 - (13 + (-48 - -14))
18
-16 + 4 - -12 - (0 + 12)
-12
Calculate (-4 - -3) + 15 - (-13 - -16).
11
2 + 6 + 3 - (659 + -630)
-18
What is the value of 1 - (3 - 3 - 13 - -46)?
-32
What is 8 + (17 - 14) - 9?
2
What is (-17 - -16) + 46 + -15?
30
Evaluate 3 + 7 - (-9 - (-23 - -11)).
7
What is the value of -3 + (-2 + 9 - 18)?
-14
-4 - -8 - 8 - 15
-19
What is -25 + 25 + (3 - (-3 + 4) - -3)?
5
What is -15 - (-7 - (13 + 2))?
7
What is the value of 9 + (-13 + 14 - (4 + 5 + -3))?
4
What is the value of 8 - -2 - 11 - 17?
-18
What is the value of -9 - (-4 - (-4 - -2))?
-7
What is -63 - -55 - (1 + -5 + 2 + -34)?
28
Evaluate 2 + (-7 - (-7 - -4 - 13)) + 3.
14
What is the value of 51 - ((-20 - -39) + 3 + -11)?
40
What is the value of 7 + 1 - (116 - 98)?
-10
What is -8 - ((-17 - -7 - (4 + -9)) + 6)?
-9
What is 11 - (16 - 28 - -17)?
6
What is the value of 1 - (4 - (9 - (-6 + 13))) - -7?
6
Calculate 9 - (-12 + (-2 - -14) - 13).
22
What is -10 - -1 - -27 - (-4 - -1) - 8?
13
Calculate (2 - 10) + (53 - 4) + 2 + -4.
39
Calculate -26 + -28 + 57 - (4 - -1).
-2
8 + 24 + (-18 - 7)
7
What is -2 + 4 + -4 + 0 - (17 - 11)?
-8
-174 - -169 - (-11 - (2 + -4))
4
What is 36 + -31 + 1 + (-1 - 6) + 1?
0
Evaluate -14 + (45 - 25) - (-3 + -1).
10
What is (-13 + 4 - -43) + -15?
19
What is 6 - ((2 - -6) + -7) - 7?
-2
(-5 - (34 - 29)) + (1 - -3 - -8)
2
Calculate 3 + -9 - (-1 + 5 + -5) - 0.
-5
Evaluate -11 - (-10 + 4) - (3 + 0 + -8).
0
What is 14 + -13 + -6 + (2 - -15)?
12
(-6 - (-12 + -6)) + -5 - 5
2
Calculate -1 - 5 - (13 + -41 + 19) - 6.
-3
-2 + 2 - -3 - (-6 + -10 + 10)
9
Calculate (2 - (3 - 2)) + 3 + (-8 - -2).
-2
Evaluate -2 + (39 - 20) + (1 + 1 - 9).
10
(5 + 0 - 13) + 8
0
What is the value of 18 + (-19 - -17) - 18?
-2
Calculate 73 + -8 + 17 + -52.
30
Calculate (0 - -10) + (-10 - (-37 + 27)).
10
-315 + 289 - (0 - 31)
5
What is (-17 - 4) + (-2 - -5) + 4 + -3?
-17
Calculate 1 - (-2 + -1) - (-25 + 16 - -9).
4
0 - (-1 + -11 - (-6 + -12 + 12))
6
Evaluate (-6 - 0) + 1 + 0.
-5
Calculate (-15 - (-4 + -2)) + (13 - (-4 + 13)).
-5
-4 + 2 + 3 + (101 - 106)
-4
(177 - 167) + (0 - 15) - 4
-9
What is the value of 2 + 7 + (12 - (52 - 11))?
-20
Evaluate 0 + 41 + (47 - 51) - (-16 - -20).
33
Calculate (-18 - 0) + (106 - 90).
-2
What is 0 + (3 + -10 - -12) + (-9 - 3)?
-7
What is the value of 9 + -4 - (-3 - 3)?
11
Calculate 11 + 6 + (-3 - (-3 - 6)) + -4.
19
What is the value of -2 - (-15 - (-3 + 2 - (-4 - -11)))?
5
Calculate (-29 - 2) + (7 - 17) + 12.
-29
What is -1 + 10 + 51 + -32 + -16?
12
Calculate (14 - 3 - 19) + 14.
6
Evaluate -1 + 10 + 2 + (-6 - 1) - 1.
3
What is 12 - -2 - (29 + -3)?
-12
What is 9 - (-15 + (19 - -7))?
-2
Calculate 88 - 74 - ((8 - 1) + -1).
8
What is the value of 12 + (11 - 24 - 6)?
-7
What is the value of -1 + -1 + (7 + -22 - 19) + 15?
-21
What is 4 - (14 - (16 + -7)) - 4?
-5
What is -1 - -20 - (-23 + (23 + -32 - -23))?
28
Calculate 15 + 2 + -8 + -15 + 12 + -10.
-4
Evaluate -16 + -12 + 12 + 4.
-12
-2 + (-8 - (-2 - 2 - -15))
-21
Evaluate -4 + (2 - 0) + 10 + 2.
10
-3 + 6 + -6 + (4 - (6 - -8))
-13
Evaluate -12 + 0 - (6 - (-10 + 10 + 7)).
-11
What is 32 + -32 + (0 - (1 + 3)) - 10?
-14
What is (-30 + 26 - (-2 + -9)) + -17?
-10
Evaluate (-1 - 4) + (9 + 0 - 9).
-5
(91 - 82) + (1 - -2)
12
What is -24 - (3 + -6 + 1) - (-15 - -12)?
-19
-31 - -38 - 32 - -35
10
Evaluate 7 - 14 - 9 - (-2 + -2).
-12
What is 22 + -35 + 0 + (7 + -3 - -4)?
-5
Evaluate (4 - 7) + (6 - 2 - 0).
1
Calculate -7 + -2 - ((8 - 0) + -2).
-15
What is the value of (87 - 78) + -7 + -1 - 9?
-8
1 + 28 + (609 - 676)
-38
Calculate 3 + 3 - (32 - (19 - 3)).
-10
196 + -152 - (6 - -44)
-6
Calculate -9 + -2 + (24 - 2).
11
-17 + (-17 - -17) + 25
8
Evaluate 65 - (58 - 24) - 21.
10
Evaluate -8 + 0 + 8 + (-1 - (2 - 4)).
1
What is the value of (0 - -14) + (-2056 - -2047)?
5
Evaluate (5 + (6 - 2) + 1 - 5) + -1.
4
What is the value of 104 + -105 + (-5 - 2)?
-8
Calculate 15 + -29 + (3 + 15 - 3).
1
Calculate -6 - -6 - 19 - (-10 - -5).
-14
What is the value of (13 - -21) + (-3 + 4 - 4 - 6)?
25
What is 3 + 0 - 6 - 10?
-13
What is 5 - (-8 - 24 - (1 - 9))?
29
What is the value of -19 + 11 + 2 + 0 + 12?
6
Evaluate 21 - 17 - (16 - 2).
-10
What is the value of 0 + 5 + (-1 + 6 - (5 + 3))?
2
(9 - (7 - 5)) + -29 - (6 - 7)
-21
7 + -5 + -3 + (2 - 0)
1
What is the value of 37 + (10 - -11 - 39)?
19
What is the value of -20 - (8 - (4 + 45))?
21
-7 - ((-7 - (3 - 1)) + -5) - -7
14
What is (-65 - -70) + -2 + 21?
24
Evaluate (0 - 4) + (13 - (-1 - 5)).
15
Calculate -14 + (-19 - -5) + 30 + 2.
4
What is -178 + 187 - ((2 - 0) + 12)?
-5
Calculate (6 - (9 - -2)) + 1 + 7.
3
(-2 - -10) + -6 + -5 + (-22 - -4)
-21
Calculate -21 + 7 + 15 + -1 + -10.
-10
Evaluate 25 - (-30 + 21) - 5.
29
Calculate (-3 + -8 - -23 - 0) + -10.
2
Evaluate (18 - 11) + (-2 - 4).
1
Calculate -45 + (9 - 9) + 11 - -1.
-33
Calculate (-34 - -45) + 8 - 12.
7
What is -9 + 24 + 7 + 0 + -8?
14
Calculate (-2 - -2) + -1 - (-40 - -32).
7
10 - (10 + -34 - -21)
13
Evaluate -31 - (-23 + (-37 - -27)).
2
Calculate 14 + 9 + (-46 + 11 - 0).
-12
What is the value of 6 + -4 + -17 + (12 - (-6 + 7))?
-4
What is the value of -5 - (-4 - -1) - (-8 + 36 + -15)?
-15
Calculate 25 + (-41 - (-32 - -22